g) = 54*g + 179. Give h(0).
179
Let v(f) = -4*f**2 + 83*f + 275. Calculate v(-3).
-10
Let r(y) = 2*y**3 - 29*y**2 + 61*y + 38. Calculate r(13).
324
Let t(m) = -12*m**2 + 11*m - 62. What is t(4)?
-210
Let g(f) = -f**3 - 23*f**2 + 145*f + 153. Determine g(-28).
13
Let j(b) = -36*b**3 - 6*b**2 - 4*b + 2. What is j(-1)?
36
Let h(i) = -i**3 + 9*i**2 + 163*i - 1528. Determine h(9).
-61
Let c(s) = -2*s**3 - s**2 + s - 14. Calculate c(-3).
28
Let b(c) = -c**3 + 32*c**2 - 32*c + 6. Determine b(31).
-25
Let u(z) = 1828*z - 10. What is u(0)?
-10
Let a(k) = -2*k**3 - 84*k**2 - 753*k + 27. Give a(-29).
-2
Let s(o) = 123*o - 220. Give s(2).
26
Let k(o) = o**3 - 25*o**2 - 207*o + 1704. What is k(30)?
-6
Let h(w) = w**2 + 546*w - 2201. Determine h(4).
-1
Let h(l) = 136*l + 10199. Calculate h(-75).
-1
Let k(g) = -6*g**2 - 19*g + 16. Calculate k(1).
-9
Let h(k) = -448*k + 9867. What is h(22)?
11
Let f(p) = -p**3 + 10*p**2 - 50*p + 139. Calculate f(7).
-64
Let o(f) = f**3 + 3*f**2 - 36*f - 9. Give o(-7).
47
Let x(p) = p**3 - 71*p**2 + 351*p - 1386. Determine x(66).
0
Let b(s) = -s**3 - s - 359. What is b(0)?
-359
Let c(t) = -2*t**2 - 64*t - 515. What is c(-16)?
-3
Let a(s) = 4*s**3 + 6*s**2 + 4*s + 19. Calculate a(-3).
-47
Let l(c) = -c**2 - 42*c - 371. Determine l(-18).
61
Let f(k) = -k**2 - 61*k - 12. Determine f(-56).
268
Let f(x) = -219*x + 1526. Calculate f(7).
-7
Let j(q) = 5*q**2 - 109*q - 259. What is j(24)?
5
Let v(j) = 10*j**2 + 48*j + 5. What is v(-4)?
-27
Let r(m) = 6*m**2 + 18*m - 230. Determine r(7).
190
Let l(s) = s**3 - 20*s**2 - 19*s - 43. Determine l(21).
-1
Let h(a) = a**2 + 374*a + 6408. Determine h(-18).
0
Let h(x) = x**3 - 122*x**2 + 22*x + 11986. Give h(121).
7
Let g(k) = k**2 - 50*k + 76. Calculate g(49).
27
Let w(q) = -q**3 - 54*q**2 - 131*q - 286. Determine w(-52).
1118
Let r(l) = l**2 + 40*l + 277. Calculate r(-9).
-2
Let y(s) = 6*s + 160. What is y(-20)?
40
Let f(m) = 4*m**3 + 9*m**2 - 103*m - 215. Determine f(-2).
-5
Let r(p) = p**3 - 15*p**2 + 38*p - 129. Give r(12).
-105
Let j(f) = 4*f**2 - 50*f - 106. Determine j(15).
44
Let r(d) = -26*d**2 - 2*d - 1. Give r(-1).
-25
Let d(b) = b**2 - 77*b + 66. What is d(73)?
-226
Let a(l) = -l**2 - 18*l + 421. What is a(-28)?
141
Let s(w) = 2*w**2 - w - 34. Calculate s(-9).
137
Let o(b) = -448*b - 4142. Give o(-9).
-110
Let i(q) = q**2 + 96*q - 3271. What is i(-122)?
-99
Let m(x) = 3*x**3 + 44*x**2 - 99*x + 151. Determine m(-17).
-189
Let v(m) = -42*m + 749. Determine v(22).
-175
Let b(o) = -2*o**3 - 20*o**2 - 56*o - 38. Give b(-7).
60
Let q(u) = 3*u**2 - 173*u + 23. Give q(57).
-91
Let q(g) = 8*g**2 + 27*g + 50. What is q(0)?
50
Let h(g) = 7706*g + 30829. Give h(-4).
5
Let b(q) = 6*q**2 - 41*q + 26. Determine b(8).
82
Let m(n) = 317*n**2 + 2218*n - 14. Determine m(-7).
-7
Let b(a) = 2*a**2 - 3981*a + 67090. Determine b(17).
-9
Let u(s) = -s**3 - 28*s**2 + 71*s + 9. Determine u(3).
-57
Let s(y) = -y**3 + 41*y**2 - 36*y - 58. Determine s(40).
102
Let f(r) = -127*r - 2266. Give f(-22).
528
Let y(g) = -2*g**2 + 86*g + 2505. Calculate y(63).
-15
Let j(g) = 53*g + 441. Calculate j(-10).
-89
Let y(m) = -3*m**3 - 27*m**2 + m - 39. Give y(-11).
676
Let q(s) = -1577*s - 69384. Calculate q(-44).
4
Let q(d) = -104*d - 94. What is q(-1)?
10
Let n(x) = x**3 - 3*x**2 - 76*x + 290. What is n(8)?
2
Let r(v) = -v**2 + 909*v - 15. Give r(0).
-15
Let d(o) = o**3 - 11*o**2 + 19*o - 5. Calculate d(7).
-68
Let g(m) = -11*m + 77. Give g(2).
55
Let p(i) = -22*i - 1298. Determine p(-66).
154
Let q(y) = -y**2 - 970*y - 34535. What is q(-37)?
-14
Let j(a) = 1006*a - 12070. Determine j(12).
2
Let v(m) = 3*m**3 - 5*m**2 + 10*m - 41. Determine v(5).
259
Let q(x) = 3*x - 23. Give q(-10).
-53
Let a(c) = c**3 + 6*c**2 + 45*c + 383. Give a(-7).
19
Let v(x) = x - 42. Calculate v(9).
-33
Let c(k) = -3189*k + 19136. Give c(6).
2
Let h(q) = 7843*q - 133325. Determine h(17).
6
Let d(u) = -u**3 - 106*u**2 + 1038*u + 343. Determine d(-115).
-2
Let p(h) = -h**3 + 24*h**2 - 56*h + 20. Calculate p(19).
761
Let y(a) = -a**2 - 31*a - 279. Give y(-38).
-545
Let c(i) = -9*i + 36. Calculate c(-6).
90
Let f(s) = 127*s - 2660. Give f(21).
7
Let o(r) = 31*r - 67. Calculate o(2).
-5
Let r(i) = -690*i - 21. Give r(0).
-21
Let u(n) = 482*n**2 + 10128*n + 127. What is u(-21)?
1
Let u(l) = -4425*l - 261072. Calculate u(-59).
3
Let d(n) = 4*n**3 - 10*n**2 + 2*n - 2. What is d(2)?
-6
Let a(h) = -137*h + 2. Give a(-1).
139
Let v(m) = m**3 - 15*m**2 + m + 59. Determine v(15).
74
Let n(h) = -731*h - 4035. Determine n(-6).
351
Let f(y) = y**3 + 16*y**2 + 48*y - 90. Determine f(-11).
-13
Let w(s) = -s**3 + 15*s**2 + 31*s + 30. Determine w(16).
270
Let w(r) = -r**3 + 5*r**2 + 3166*r - 22060. Give w(7).
4
Let z(t) = -43*t - 980. Give z(-22).
-34
Let o(r) = 3*r**3 + 334*r**2 + 114*r + 347. Give o(-111).
14
Let v(a) = 133*a - 6586. Calculate v(50).
64
Let x(i) = -i**2 + 309*i - 6313. Give x(22).
1
Let z(a) = 133*a + 2507. What is z(-20)?
-153
Let p(x) = -50*x - 4032. What is p(-81)?
18
Let g(v) = -2*v**2 + 52*v + 192. What is g(23)?
330
Let q(k) = -42*k - 54. Give q(4).
-222
Let m(h) = h**3 - 28*h**2 + 192*h + 48. Give m(14).
-8
Let m(r) = 3*r**3 - 266*r**2 - 90*r + 87. Give m(89).
-2
Let z(v) = -12*v**2 - 229*v + 225. Determine z(-20).
5
Let t(y) = 11*y + 318. Determine t(-38).
-100
Let n(c) = -14*c**3 - 137*c**2 - 133*c + 2. What is n(-1)?
12
Let x(l) = -4*l**3 + 8*l**2 + 14*l + 4. Determine x(-2).
40
Let r(i) = -4*i + 77. Calculate r(8).
45
Let t(a) = -42*a**2 - 210*a - 164. Give t(-4).
4
Let p(q) = q**3 + q**2 - 37*q + 31. Determine p(-7).
-4
Let o(f) = 3*f**3 - 156*f**2 + 6*f - 312. Give o(52).
0
Let b(i) = 35*i - 2502. Determine b(71).
-17
Let a(o) = 13*o - 111. What is a(2)?
-85
Let h(d) = 281*d + 1134. Determine h(-4).
10
Let c(j) = -j**3 - 15*j**2 + 19*j + 71. What is c(-16)?
23
Let c(u) = 33*u**2 + 399*u + 20. Calculate c(-11).
-376
Let r(w) = w**3 - 12*w**2 + 38*w - 33. Give r(7).
-12
Let h(m) = 2*m**2 + 142*m + 2330. Calculate h(-46).
30
Let v(s) = s**3 + 15*s**2 - s - 338. What is v(-13)?
13
Let p(u) = u**2 + 775*u - 4690. What is p(6)?
-4
Let x(w) = w**2 - 457*w - 1843. What is x(-4)?
1
Let h(i) = -13*i**2 - 899*i - 898. Calculate h(-1).
-12
Let v(m) = m**2 + 87*m + 358. What is v(-4)?
26
Let s(o) = 11*o - 106. Determine s(20).
114
Let p(f) = -f**3 - 26*f**2 - 12*f + 346. Calculate p(-25).
21
Let a(o) = 2*o**3 - 29*o**2 - 675*o - 20. What is a(27)?
-20
Let g(d) = -d**2 + 50*d - 528. Give g(36).
-24
Let t(a) = a**3 - 57*a**2 - 585*a - 531. What is t(-8)?
-11
Let i(v) = -10*v**3 + 35*v**2 + 6*v - 10. Give i(5).
-355
Let n(d) = 6*d**2 + 69*d - 35. Calculate n(-12).
1
Let j(p) = 4*p**3 - 26*p**2 + 24*p + 18. Determine j(3).
-36
Let w(n) = 1882*n + 16945. Determine w(-9).
7
Let q(k) = 104*k + 7988. Calculate q(-77).
-20
Let r(q) = -q**2 - 10*q + 43. What is r(-13)?
4
Let n(m) = -1567*m + 14056. Give n(9).
-47
Let j(r) = -24*r + 610. Calculate j(23).
58
Let n(p) = -544*p + 15735. Calculate n(29).
-41
Let t(f) = -f**3 + 7*f**2 + 16*f - 8. Determine t(-2).
-4
Let x(n) = 17*n**2 + 25*n + 18. What is x(-1)?
10
Let c(j) = 44*j - 276. Give c(6).
-12
Let s(y) = 4*y**2 - 30*y - 4. Give s(7).
-18
Let c(s) = s**3 + 36*s**2 + 175*s - 19. Give c(-6).
11
Let y(o) = 73*o + 150. What is y(-2)?
4
Let c(z) = -988*z - 4906. What is c(-5)?
34
Let j(k) = 2*k**3 + 1248*k**2 + 1237*k - 5612. Calculate j(-623).
-5
Let g(a) = 15*a**2 - 867*a - 1981. Determine g(60).
-1
Let d(p) = 50*p + 329. Calculate d(-7).
-21
Let v(m) = -m**3 + 5*m**2 + 41*m + 16. Give v(-5).
61
Let b(t) = -66*t + 7319. Determine b(111).
-7
Let v(w) = w**2 + 92*w - 15315. Calculate v(86).
-7
Let k(d) = d**2 + 20*d + 47. What is k(-16)?
-17
Let w(r) = -6*r**2 - 228*r + 3584. What is w(-50)?
-16
Let g(n) = -4*n**2 - 91*n - 92. Calculate g(-1).
-5
Let m(v) = -2*v**2 + 69*v - 117. Give m(33).
-18
Let z(r) = 124*r + 15370. Determine z(-124).
-6
Let b(l) = 53*l**2 - 53*l - 1. Calculate b(1).
-1
Let z(i) = 6*i**2 - 15*i + 32. What is z(3)?
41
Let y(i) = -3*i**3 + 2*i**2 + i - 116. Give y(0).
-116
Let b(p) = 212*p + 3192. Calculate b(-15).
12
Let g(w) = -w**2 - 17*w + 713. Determine g(-37).
-27
Let x(c) = c**3 + 25*c**2 + 71*c + 2. Give x(-3).
-13
Let v(u) = -u**3 + 11*u**2 + 777*u - 124. Give v(-23).
-9
Let m(